{"id":117,"date":"2016-07-12T18:54:09","date_gmt":"2016-07-12T18:54:09","guid":{"rendered":"http:\/\/146.83.216.167\/?page_id=117"},"modified":"2023-05-10T02:49:48","modified_gmt":"2023-05-10T02:49:48","slug":"alexandre-corgne","status":"publish","type":"page","link":"http:\/\/ict.uach.cl\/?page_id=117&lang=es","title":{"rendered":"Alexandre Corgne"},"content":{"rendered":"<p><img decoding=\"async\" loading=\"lazy\" class=\"alignright wp-image-136\" src=\"https:\/\/i0.wp.com\/ict.uach.cl\/wp-content\/uploads\/2016\/07\/alex.jpg?resize=120%2C120\" alt=\"Alexandre Corgne\" width=\"120\" height=\"120\" data-recalc-dims=\"1\" \/><\/p>\n<h2>Contacto<\/h2>\n<ul>\n<li>Mail : alexandre.corgne AT uach.cl<\/li>\n<li>Tel\u00e9fono : +56 63 2293563<\/li>\n<li>Oficina : 321<\/li>\n<li>Web : <a href=\"https:\/\/scholar.google.cl\/citations?user=Z7SasRQAAAAJ&amp;hl=en\" target=\"_blank\" rel=\"noopener\">Google Scholar<\/a>, <a href=\"https:\/\/publons.com\/researcher\/AAB-5961-2021\/\" target=\"_blank\" rel=\"noopener\">WOS Researcher ID<\/a>, <a href=\"https:\/\/orcid.org\/0000-0001-9640-6977\" target=\"_blank\" rel=\"noopener\">ORCID <img decoding=\"async\" src=\"https:\/\/i0.wp.com\/orcid.org\/sites\/default\/files\/images\/orcid_16x16.png?w=996&#038;ssl=1\" style=\"width:1em;margin-right:.5em;\" alt=\"ORCID iD icon\" data-recalc-dims=\"1\"><\/a><\/li>\n<\/ul>\n\n\n\n\n\n\n\n\n","protected":false},"excerpt":{"rendered":"<p>Contacto Mail : alexandre.corgne AT uach.cl Tel\u00e9fono : +56 63 2293563 Oficina : 321 Web : Google Scholar, WOS Researcher ID, ORCID<\/p>\n","protected":false},"author":3,"featured_media":0,"parent":0,"menu_order":0,"comment_status":"closed","ping_status":"closed","template":"","meta":[],"jetpack_sharing_enabled":true,"jetpack_shortlink":"https:\/\/wp.me\/P7KgB1-1T","jetpack-related-posts":[{"id":31,"url":"http:\/\/ict.uach.cl\/?page_id=31&lang=es","url_meta":{"origin":117,"position":0},"title":"Presentaci\u00f3n","date":"30 June, 2016","format":false,"excerpt":"El Instituto de Ciencias de la Tierra fue creado el 10 de mayo 2015 y se inscribe en una l\u00ednea de tradici\u00f3n de las Geociencias en la Universidad Austral de Chile. Esta tradici\u00f3n comienza al inicio de esta universidad con el Instituto de Geolog\u00eda y Geograf\u00eda, fundado en 1957, y\u2026","rel":"","context":"Similar post","img":{"alt_text":"","src":"","width":0,"height":0},"classes":[]}],"_links":{"self":[{"href":"http:\/\/ict.uach.cl\/index.php?rest_route=\/wp\/v2\/pages\/117"}],"collection":[{"href":"http:\/\/ict.uach.cl\/index.php?rest_route=\/wp\/v2\/pages"}],"about":[{"href":"http:\/\/ict.uach.cl\/index.php?rest_route=\/wp\/v2\/types\/page"}],"author":[{"embeddable":true,"href":"http:\/\/ict.uach.cl\/index.php?rest_route=\/wp\/v2\/users\/3"}],"replies":[{"embeddable":true,"href":"http:\/\/ict.uach.cl\/index.php?rest_route=%2Fwp%2Fv2%2Fcomments&post=117"}],"version-history":[{"count":51,"href":"http:\/\/ict.uach.cl\/index.php?rest_route=\/wp\/v2\/pages\/117\/revisions"}],"predecessor-version":[{"id":1836,"href":"http:\/\/ict.uach.cl\/index.php?rest_route=\/wp\/v2\/pages\/117\/revisions\/1836"}],"wp:attachment":[{"href":"http:\/\/ict.uach.cl\/index.php?rest_route=%2Fwp%2Fv2%2Fmedia&parent=117"}],"curies":[{"name":"wp","href":"https:\/\/api.w.org\/{rel}","templated":true}]}}