{"id":249,"date":"2016-07-21T21:59:04","date_gmt":"2016-07-21T21:59:04","guid":{"rendered":"http:\/\/146.83.216.167\/?page_id=249"},"modified":"2018-05-26T00:22:23","modified_gmt":"2018-05-26T00:22:23","slug":"laboratorio-de-paleontologia","status":"publish","type":"page","link":"http:\/\/ict.uach.cl\/?page_id=249&lang=es","title":{"rendered":"Paleontolog\u00eda"},"content":{"rendered":"<p>Ubicaci\u00f3n: Edificio Pug\u00edn L308<\/p>\n<p><img data-attachment-id=\"1206\" data-permalink=\"http:\/\/ict.uach.cl\/?attachment_id=1206\" data-orig-file=\"https:\/\/i0.wp.com\/ict.uach.cl\/wp-content\/uploads\/2016\/07\/20180525_083001.jpg?fit=3696%2C1168\" data-orig-size=\"3696,1168\" data-comments-opened=\"0\" data-image-meta=\"{&quot;aperture&quot;:&quot;1.9&quot;,&quot;credit&quot;:&quot;&quot;,&quot;camera&quot;:&quot;SM-G610M&quot;,&quot;caption&quot;:&quot;&quot;,&quot;created_timestamp&quot;:&quot;1527237001&quot;,&quot;copyright&quot;:&quot;&quot;,&quot;focal_length&quot;:&quot;3.6&quot;,&quot;iso&quot;:&quot;0&quot;,&quot;shutter_speed&quot;:&quot;0&quot;,&quot;title&quot;:&quot;&quot;,&quot;orientation&quot;:&quot;1&quot;}\" data-image-title=\"20180525_083001\" data-image-description=\"\" data-image-caption=\"\" data-medium-file=\"https:\/\/i0.wp.com\/ict.uach.cl\/wp-content\/uploads\/2016\/07\/20180525_083001.jpg?fit=300%2C95\" data-large-file=\"https:\/\/i0.wp.com\/ict.uach.cl\/wp-content\/uploads\/2016\/07\/20180525_083001.jpg?fit=1024%2C324\" decoding=\"async\" loading=\"lazy\" class=\"alignnone wp-image-1206\" title=\"Sala principal de trabajo\" src=\"https:\/\/i0.wp.com\/ict.uach.cl\/wp-content\/uploads\/2016\/07\/20180525_083001.jpg?resize=774%2C245\" alt=\"20180525_083001\" width=\"774\" height=\"245\" srcset=\"https:\/\/i0.wp.com\/ict.uach.cl\/wp-content\/uploads\/2016\/07\/20180525_083001.jpg?resize=300%2C95 300w, https:\/\/i0.wp.com\/ict.uach.cl\/wp-content\/uploads\/2016\/07\/20180525_083001.jpg?resize=768%2C243 768w, https:\/\/i0.wp.com\/ict.uach.cl\/wp-content\/uploads\/2016\/07\/20180525_083001.jpg?resize=1024%2C324 1024w, https:\/\/i0.wp.com\/ict.uach.cl\/wp-content\/uploads\/2016\/07\/20180525_083001.jpg?w=1992 1992w, https:\/\/i0.wp.com\/ict.uach.cl\/wp-content\/uploads\/2016\/07\/20180525_083001.jpg?w=2988 2988w\" sizes=\"(max-width: 774px) 100vw, 774px\" data-recalc-dims=\"1\" \/><\/p>\n<p>El LabPALEO tiene a disposici\u00f3n 63 m<sup>2<\/sup> para investigaci\u00f3n en paleontolog\u00eda. De esto, 44 m<sup>2<\/sup> est\u00e1n dedicados a la preparaci\u00f3n de f\u00f3siles, con mesones, estanter\u00eda y lavatorio. Hay 8 m<sup>2<\/sup> dedicados al Laboratorio de Palinolog\u00eda, en el que est\u00e1 instalada una campana extractora de gases con filtro, centr\u00edfuga, ba\u00f1o termoregulado, un lavatorio extra y armario de polipropileno para el almacenamiento de los \u00e1cidos utilizados en la preparaci\u00f3n de muestras de polen; y 12 m<sup>2<\/sup> dedicados a la preparaci\u00f3n de f\u00f3siles con martillos neum\u00e1ticos (bomba de aire silenciosa) en una sala con muros aislantes del ruido.<\/p>\n<p><img data-attachment-id=\"1209\" data-permalink=\"http:\/\/ict.uach.cl\/?attachment_id=1209\" data-orig-file=\"https:\/\/i0.wp.com\/ict.uach.cl\/wp-content\/uploads\/2016\/07\/20180525_082758-1.jpg?fit=1672%2C1050\" data-orig-size=\"1672,1050\" data-comments-opened=\"0\" data-image-meta=\"{&quot;aperture&quot;:&quot;1.9&quot;,&quot;credit&quot;:&quot;&quot;,&quot;camera&quot;:&quot;SM-G610M&quot;,&quot;caption&quot;:&quot;&quot;,&quot;created_timestamp&quot;:&quot;1527236878&quot;,&quot;copyright&quot;:&quot;&quot;,&quot;focal_length&quot;:&quot;3.6&quot;,&quot;iso&quot;:&quot;0&quot;,&quot;shutter_speed&quot;:&quot;0&quot;,&quot;title&quot;:&quot;&quot;,&quot;orientation&quot;:&quot;1&quot;}\" data-image-title=\"20180525_082758\" data-image-description=\"\" data-image-caption=\"\" data-medium-file=\"https:\/\/i0.wp.com\/ict.uach.cl\/wp-content\/uploads\/2016\/07\/20180525_082758-1.jpg?fit=300%2C188\" data-large-file=\"https:\/\/i0.wp.com\/ict.uach.cl\/wp-content\/uploads\/2016\/07\/20180525_082758-1.jpg?fit=1024%2C643\" decoding=\"async\" loading=\"lazy\" class=\"alignnone wp-image-1209\" title=\"Laboratorio de Palinolog\u00eda\" src=\"https:\/\/i0.wp.com\/ict.uach.cl\/wp-content\/uploads\/2016\/07\/20180525_082758-1.jpg?resize=377%2C251\" alt=\"Laboratorio de Palinolog\u00eda\" width=\"377\" height=\"251\" data-recalc-dims=\"1\" \/>\u00a0<img data-attachment-id=\"1104\" data-permalink=\"http:\/\/ict.uach.cl\/?attachment_id=1104\" data-orig-file=\"https:\/\/i0.wp.com\/ict.uach.cl\/wp-content\/uploads\/2016\/07\/IMG_6032.png?fit=640%2C427\" data-orig-size=\"640,427\" data-comments-opened=\"0\" data-image-meta=\"{&quot;aperture&quot;:&quot;0&quot;,&quot;credit&quot;:&quot;&quot;,&quot;camera&quot;:&quot;&quot;,&quot;caption&quot;:&quot;&quot;,&quot;created_timestamp&quot;:&quot;0&quot;,&quot;copyright&quot;:&quot;&quot;,&quot;focal_length&quot;:&quot;0&quot;,&quot;iso&quot;:&quot;0&quot;,&quot;shutter_speed&quot;:&quot;0&quot;,&quot;title&quot;:&quot;&quot;,&quot;orientation&quot;:&quot;0&quot;}\" data-image-title=\"IMG_6032\" data-image-description=\"\" data-image-caption=\"\" data-medium-file=\"https:\/\/i0.wp.com\/ict.uach.cl\/wp-content\/uploads\/2016\/07\/IMG_6032.png?fit=300%2C200\" data-large-file=\"https:\/\/i0.wp.com\/ict.uach.cl\/wp-content\/uploads\/2016\/07\/IMG_6032.png?fit=640%2C427\" decoding=\"async\" loading=\"lazy\" class=\"alignnone wp-image-1104\" title=\"Laboratorio de preparaci\u00f3n de f\u00f3siles\" src=\"https:\/\/i0.wp.com\/ict.uach.cl\/wp-content\/uploads\/2016\/07\/IMG_6032.png?resize=377%2C251\" alt=\"Laboratorio de preparaci\u00f3n de f\u00f3siles\" width=\"377\" height=\"251\" srcset=\"https:\/\/i0.wp.com\/ict.uach.cl\/wp-content\/uploads\/2016\/07\/IMG_6032.png?resize=300%2C200 300w, https:\/\/i0.wp.com\/ict.uach.cl\/wp-content\/uploads\/2016\/07\/IMG_6032.png?w=640 640w\" sizes=\"(max-width: 377px) 100vw, 377px\" data-recalc-dims=\"1\" \/><\/p>\n<p>El laboratorio alberga adem\u00e1s en la colecci\u00f3n de f\u00f3siles un patrimonio paleontol\u00f3gico proveniente de todo el pa\u00eds y particularmente de las cercan\u00edas de Valdivia, con m\u00e1s de 1.000 espec\u00edmenes. Se encuentra oficialmente reconocida frente al Consejo de Monumentos Nacionales.<\/p>\n<p><img data-attachment-id=\"1048\" data-permalink=\"http:\/\/ict.uach.cl\/?attachment_id=1048\" data-orig-file=\"https:\/\/i0.wp.com\/ict.uach.cl\/wp-content\/uploads\/2016\/07\/slide-paleo-4.jpg?fit=1010%2C350\" data-orig-size=\"1010,350\" data-comments-opened=\"0\" data-image-meta=\"{&quot;aperture&quot;:&quot;0&quot;,&quot;credit&quot;:&quot;&quot;,&quot;camera&quot;:&quot;&quot;,&quot;caption&quot;:&quot;&quot;,&quot;created_timestamp&quot;:&quot;0&quot;,&quot;copyright&quot;:&quot;&quot;,&quot;focal_length&quot;:&quot;0&quot;,&quot;iso&quot;:&quot;0&quot;,&quot;shutter_speed&quot;:&quot;0&quot;,&quot;title&quot;:&quot;&quot;,&quot;orientation&quot;:&quot;0&quot;}\" data-image-title=\"slide-paleo-4\" data-image-description=\"\" data-image-caption=\"\" data-medium-file=\"https:\/\/i0.wp.com\/ict.uach.cl\/wp-content\/uploads\/2016\/07\/slide-paleo-4.jpg?fit=300%2C104\" data-large-file=\"https:\/\/i0.wp.com\/ict.uach.cl\/wp-content\/uploads\/2016\/07\/slide-paleo-4.jpg?fit=1010%2C350\" decoding=\"async\" loading=\"lazy\" class=\"alignnone wp-image-1048\" src=\"https:\/\/i0.wp.com\/ict.uach.cl\/wp-content\/uploads\/2016\/07\/slide-paleo-4.jpg?resize=759%2C263\" alt=\"slide-paleo-4\" width=\"759\" height=\"263\" srcset=\"https:\/\/i0.wp.com\/ict.uach.cl\/wp-content\/uploads\/2016\/07\/slide-paleo-4.jpg?resize=300%2C104 300w, https:\/\/i0.wp.com\/ict.uach.cl\/wp-content\/uploads\/2016\/07\/slide-paleo-4.jpg?resize=768%2C266 768w, https:\/\/i0.wp.com\/ict.uach.cl\/wp-content\/uploads\/2016\/07\/slide-paleo-4.jpg?w=1010 1010w\" sizes=\"(max-width: 759px) 100vw, 759px\" data-recalc-dims=\"1\" \/><\/p>\n","protected":false},"excerpt":{"rendered":"<p>Ubicaci\u00f3n: Edificio Pug\u00edn L308 El LabPALEO tiene a disposici\u00f3n 63 m2 para investigaci\u00f3n en paleontolog\u00eda. De esto, 44 m2 est\u00e1n dedicados a la preparaci\u00f3n de f\u00f3siles, con mesones, estanter\u00eda y lavatorio. Hay 8 m2 dedicados al Laboratorio de Palinolog\u00eda, en el que est\u00e1 instalada una campana extractora de gases con filtro, centr\u00edfuga, ba\u00f1o termoregulado, un [&hellip;]<\/p>\n","protected":false},"author":5,"featured_media":0,"parent":0,"menu_order":0,"comment_status":"closed","ping_status":"closed","template":"","meta":[],"jetpack_sharing_enabled":true,"jetpack_shortlink":"https:\/\/wp.me\/P7KgB1-41","jetpack-related-posts":[{"id":31,"url":"http:\/\/ict.uach.cl\/?page_id=31&lang=es","url_meta":{"origin":249,"position":0},"title":"Presentaci\u00f3n","date":"30 June, 2016","format":false,"excerpt":"El Instituto de Ciencias de la Tierra fue creado el 10 de mayo 2015 y se inscribe en una l\u00ednea de tradici\u00f3n de las Geociencias en la Universidad Austral de Chile. Esta tradici\u00f3n comienza al inicio de esta universidad con el Instituto de Geolog\u00eda y Geograf\u00eda, fundado en 1957, y\u2026","rel":"","context":"Similar post","img":{"alt_text":"","src":"","width":0,"height":0},"classes":[]},{"id":36,"url":"http:\/\/ict.uach.cl\/?page_id=36&lang=es","url_meta":{"origin":249,"position":1},"title":"Personal","date":"30 June, 2016","format":false,"excerpt":"Planta acad\u00e9mica Planta t\u00e9cnico-acad\u00e9mica, planta adjunta y profesionales Profesores emeritos Funcionarios no acad\u00e9micos","rel":"","context":"Similar post","img":{"alt_text":"","src":"","width":0,"height":0},"classes":[]}],"_links":{"self":[{"href":"http:\/\/ict.uach.cl\/index.php?rest_route=\/wp\/v2\/pages\/249"}],"collection":[{"href":"http:\/\/ict.uach.cl\/index.php?rest_route=\/wp\/v2\/pages"}],"about":[{"href":"http:\/\/ict.uach.cl\/index.php?rest_route=\/wp\/v2\/types\/page"}],"author":[{"embeddable":true,"href":"http:\/\/ict.uach.cl\/index.php?rest_route=\/wp\/v2\/users\/5"}],"replies":[{"embeddable":true,"href":"http:\/\/ict.uach.cl\/index.php?rest_route=%2Fwp%2Fv2%2Fcomments&post=249"}],"version-history":[{"count":35,"href":"http:\/\/ict.uach.cl\/index.php?rest_route=\/wp\/v2\/pages\/249\/revisions"}],"predecessor-version":[{"id":1218,"href":"http:\/\/ict.uach.cl\/index.php?rest_route=\/wp\/v2\/pages\/249\/revisions\/1218"}],"wp:attachment":[{"href":"http:\/\/ict.uach.cl\/index.php?rest_route=%2Fwp%2Fv2%2Fmedia&parent=249"}],"curies":[{"name":"wp","href":"https:\/\/api.w.org\/{rel}","templated":true}]}}

Paleontología

<p>Ubicación: Edificio Pugín L308</p>
<p><img data-attachment-id="1206" data-permalink="http://ict.uach.cl/?attachment_id=1206" data-orig-file="https://i0.wp.com/ict.uach.cl/wp-content/uploads/2016/07/20180525_083001.jpg?fit=3696%2C1168" data-orig-size="3696,1168" data-comments-opened="0" data-image-meta="{&quot;aperture&quot;:&quot;1.9&quot;,&quot;credit&quot;:&quot;&quot;,&quot;camera&quot;:&quot;SM-G610M&quot;,&quot;caption&quot;:&quot;&quot;,&quot;created_timestamp&quot;:&quot;1527237001&quot;,&quot;copyright&quot;:&quot;&quot;,&quot;focal_length&quot;:&quot;3.6&quot;,&quot;iso&quot;:&quot;0&quot;,&quot;shutter_speed&quot;:&quot;0&quot;,&quot;title&quot;:&quot;&quot;,&quot;orientation&quot;:&quot;1&quot;}" data-image-title="20180525_083001" data-image-description="" data-image-caption="" data-medium-file="https://i0.wp.com/ict.uach.cl/wp-content/uploads/2016/07/20180525_083001.jpg?fit=300%2C95" data-large-file="https://i0.wp.com/ict.uach.cl/wp-content/uploads/2016/07/20180525_083001.jpg?fit=1024%2C324" decoding="async" loading="lazy" class="alignnone wp-image-1206" title="Sala principal de trabajo" src="https://i0.wp.com/ict.uach.cl/wp-content/uploads/2016/07/20180525_083001.jpg?resize=774%2C245" alt="20180525_083001" width="774" height="245" srcset="https://i0.wp.com/ict.uach.cl/wp-content/uploads/2016/07/20180525_083001.jpg?resize=300%2C95 300w, https://i0.wp.com/ict.uach.cl/wp-content/uploads/2016/07/20180525_083001.jpg?resize=768%2C243 768w, https://i0.wp.com/ict.uach.cl/wp-content/uploads/2016/07/20180525_083001.jpg?resize=1024%2C324 1024w, https://i0.wp.com/ict.uach.cl/wp-content/uploads/2016/07/20180525_083001.jpg?w=1992 1992w, https://i0.wp.com/ict.uach.cl/wp-content/uploads/2016/07/20180525_083001.jpg?w=2988 2988w" sizes="(max-width: 774px) 100vw, 774px" data-recalc-dims="1" /></p>
<p>El LabPALEO tiene a disposición 63 m<sup>2</sup> para investigación en paleontología. De esto, 44 m<sup>2</sup> están dedicados a la preparación de fósiles, con mesones, estantería y lavatorio. Hay 8 m<sup>2</sup> dedicados al Laboratorio de Palinología, en el que está instalada una campana extractora de gases con filtro, centrífuga, baño termoregulado, un lavatorio extra y armario de polipropileno para el almacenamiento de los ácidos utilizados en la preparación de muestras de polen; y 12 m<sup>2</sup> dedicados a la preparación de fósiles con martillos neumáticos (bomba de aire silenciosa) en una sala con muros aislantes del ruido.</p>
<p><img data-attachment-id="1209" data-permalink="http://ict.uach.cl/?attachment_id=1209" data-orig-file="https://i0.wp.com/ict.uach.cl/wp-content/uploads/2016/07/20180525_082758-1.jpg?fit=1672%2C1050" data-orig-size="1672,1050" data-comments-opened="0" data-image-meta="{&quot;aperture&quot;:&quot;1.9&quot;,&quot;credit&quot;:&quot;&quot;,&quot;camera&quot;:&quot;SM-G610M&quot;,&quot;caption&quot;:&quot;&quot;,&quot;created_timestamp&quot;:&quot;1527236878&quot;,&quot;copyright&quot;:&quot;&quot;,&quot;focal_length&quot;:&quot;3.6&quot;,&quot;iso&quot;:&quot;0&quot;,&quot;shutter_speed&quot;:&quot;0&quot;,&quot;title&quot;:&quot;&quot;,&quot;orientation&quot;:&quot;1&quot;}" data-image-title="20180525_082758" data-image-description="" data-image-caption="" data-medium-file="https://i0.wp.com/ict.uach.cl/wp-content/uploads/2016/07/20180525_082758-1.jpg?fit=300%2C188" data-large-file="https://i0.wp.com/ict.uach.cl/wp-content/uploads/2016/07/20180525_082758-1.jpg?fit=1024%2C643" decoding="async" loading="lazy" class="alignnone wp-image-1209" title="Laboratorio de Palinología" src="https://i0.wp.com/ict.uach.cl/wp-content/uploads/2016/07/20180525_082758-1.jpg?resize=377%2C251" alt="Laboratorio de Palinología" width="377" height="251" data-recalc-dims="1" /> <img data-attachment-id="1104" data-permalink="http://ict.uach.cl/?attachment_id=1104" data-orig-file="https://i0.wp.com/ict.uach.cl/wp-content/uploads/2016/07/IMG_6032.png?fit=640%2C427" data-orig-size="640,427" data-comments-opened="0" data-image-meta="{&quot;aperture&quot;:&quot;0&quot;,&quot;credit&quot;:&quot;&quot;,&quot;camera&quot;:&quot;&quot;,&quot;caption&quot;:&quot;&quot;,&quot;created_timestamp&quot;:&quot;0&quot;,&quot;copyright&quot;:&quot;&quot;,&quot;focal_length&quot;:&quot;0&quot;,&quot;iso&quot;:&quot;0&quot;,&quot;shutter_speed&quot;:&quot;0&quot;,&quot;title&quot;:&quot;&quot;,&quot;orientation&quot;:&quot;0&quot;}" data-image-title="IMG_6032" data-image-description="" data-image-caption="" data-medium-file="https://i0.wp.com/ict.uach.cl/wp-content/uploads/2016/07/IMG_6032.png?fit=300%2C200" data-large-file="https://i0.wp.com/ict.uach.cl/wp-content/uploads/2016/07/IMG_6032.png?fit=640%2C427" decoding="async" loading="lazy" class="alignnone wp-image-1104" title="Laboratorio de preparación de fósiles" src="https://i0.wp.com/ict.uach.cl/wp-content/uploads/2016/07/IMG_6032.png?resize=377%2C251" alt="Laboratorio de preparación de fósiles" width="377" height="251" srcset="https://i0.wp.com/ict.uach.cl/wp-content/uploads/2016/07/IMG_6032.png?resize=300%2C200 300w, https://i0.wp.com/ict.uach.cl/wp-content/uploads/2016/07/IMG_6032.png?w=640 640w" sizes="(max-width: 377px) 100vw, 377px" data-recalc-dims="1" /></p>
<p>El laboratorio alberga además en la colección de fósiles un patrimonio paleontológico proveniente de todo el país y particularmente de las cercanías de Valdivia, con más de 1.000 especímenes. Se encuentra oficialmente reconocida frente al Consejo de Monumentos Nacionales.</p>
<p><img data-attachment-id="1048" data-permalink="http://ict.uach.cl/?attachment_id=1048" data-orig-file="https://i0.wp.com/ict.uach.cl/wp-content/uploads/2016/07/slide-paleo-4.jpg?fit=1010%2C350" data-orig-size="1010,350" data-comments-opened="0" data-image-meta="{&quot;aperture&quot;:&quot;0&quot;,&quot;credit&quot;:&quot;&quot;,&quot;camera&quot;:&quot;&quot;,&quot;caption&quot;:&quot;&quot;,&quot;created_timestamp&quot;:&quot;0&quot;,&quot;copyright&quot;:&quot;&quot;,&quot;focal_length&quot;:&quot;0&quot;,&quot;iso&quot;:&quot;0&quot;,&quot;shutter_speed&quot;:&quot;0&quot;,&quot;title&quot;:&quot;&quot;,&quot;orientation&quot;:&quot;0&quot;}" data-image-title="slide-paleo-4" data-image-description="" data-image-caption="" data-medium-file="https://i0.wp.com/ict.uach.cl/wp-content/uploads/2016/07/slide-paleo-4.jpg?fit=300%2C104" data-large-file="https://i0.wp.com/ict.uach.cl/wp-content/uploads/2016/07/slide-paleo-4.jpg?fit=1010%2C350" decoding="async" loading="lazy" class="alignnone wp-image-1048" src="https://i0.wp.com/ict.uach.cl/wp-content/uploads/2016/07/slide-paleo-4.jpg?resize=759%2C263" alt="slide-paleo-4" width="759" height="263" srcset="https://i0.wp.com/ict.uach.cl/wp-content/uploads/2016/07/slide-paleo-4.jpg?resize=300%2C104 300w, https://i0.wp.com/ict.uach.cl/wp-content/uploads/2016/07/slide-paleo-4.jpg?resize=768%2C266 768w, https://i0.wp.com/ict.uach.cl/wp-content/uploads/2016/07/slide-paleo-4.jpg?w=1010 1010w" sizes="(max-width: 759px) 100vw, 759px" data-recalc-dims="1" /></p>

<p>Ubicación: Edificio Pugín L308 El LabPALEO tiene a disposición 63 m2 para investigación en paleontología. De esto, 44 m2 están dedicados a la preparación de fósiles, con mesones, estantería y lavatorio. Hay 8 m2 dedicados al Laboratorio de Palinología, en el que está instalada una campana extractora de gases con filtro, centrífuga, baño termoregulado, un [&hellip;]</p>

Presentación

El Instituto de Ciencias de la Tierra fue creado el 10 de mayo 2015 y se inscribe en una línea de tradición de las Geociencias en la Universidad Austral de Chile. Esta tradición comienza al inicio de esta universidad con el Instituto de Geología y Geografía, fundado en 1957, y…

Planta académica Planta técnico-académica, planta adjunta y profesionales Profesores emeritos Funcionarios no académicos
