{"id":26,"date":"2016-06-30T21:44:34","date_gmt":"2016-06-30T21:44:34","guid":{"rendered":"http:\/\/146.83.216.167\/?page_id=26"},"modified":"2024-05-30T15:15:38","modified_gmt":"2024-05-30T15:15:38","slug":"contactos","status":"publish","type":"page","link":"http:\/\/ict.uach.cl\/?page_id=26&lang=es","title":{"rendered":"Contacto"},"content":{"rendered":"\t\t\t<div id=\"huge_it_google_map302508_container\">\r\n\t\t\t\t<div id=\"huge_it_google_map302508\"\r\n\t\t\t\t     style=\"position:relative !important;height:300px; width:100%;\r\n\t\t\t\t\t     border-radius:0px !important;\r\n\t\t\t\t     \t\t\t\t\t     margin:0px auto !important;\r\n\t\t\t\t\t     float:none;\r\n\t\t\t\t\t     \">\r\n\t\t\t\t<\/div>\r\n\t\t\t<\/div>\r\n\t\t\t<style>\r\n\t\t\t\t#huge_it_google_map302508 img {\r\n\t\t\t\t\tmax-width: none;\r\n\t\t\t\t\tvisibility: visible !important;\r\n\t\t\t\t}\r\n\t\t\t<\/style>\r\n\t\t\t<script>\r\n\t\t\t\tjQuery(document).ready(function () {\r\n\t\t\t\t\tvar marker = [];\r\n\t\t\t\t\tvar polygone = [];\r\n\t\t\t\t\tvar polyline = [];\r\n\t\t\t\t\tvar polylinepoints;\r\n\t\t\t\t\tvar newpolylinecoords = [];\r\n\t\t\t\t\tvar polygonpoints;\r\n\t\t\t\t\tvar polygoncoords = [];\r\n\t\t\t\t\tvar newcircle = [];\r\n\t\t\t\t\tvar infowindow = [];\r\n\t\t\t\t\tvar newcirclemarker = [];\r\n\t\t\t\t\tvar circlepoint;\r\n\t\t\t\t\tvar width = jQuery(\"#huge_it_google_map302508\").width();\r\n\t\t\t\t\tvar height = jQuery(\"#huge_it_google_map302508\").height();\r\n\r\n\t\t\t\t\tfunction bindInfoWindow(marker, map, infowindow, description, info_type) {\r\n\t\t\t\t\t\tgoogle.maps.event.addListener(marker, 'click', function () {\r\n\t\t\t\t\t\t\tinfowindow.setContent(description);\r\n\t\t\t\t\t\t\tinfowindow.open(map, marker);\r\n\t\t\t\t\t\t});\r\n\t\t\t\t\t}\r\n\r\n\t\t\t\t\tjQuery(document).on(\"click tap drag scroll\", function (e) {\r\n\t\t\t\t\t\tif (window.matchMedia('(max-width:768px)').matches) {\r\n\t\t\t\t\t\t\tvar container = jQuery(\"#huge_it_google_map302508\");\r\n\t\t\t\t\t\t\tif (!container.is(e.target) && container.has(e.target).length === 0) {\r\n\t\t\t\t\t\t\t\tfront_end_map.setOptions({\r\n\t\t\t\t\t\t\t\t\tdraggable: false,\r\n\t\t\t\t\t\t\t\t\tscrollwheel: false,\r\n\t\t\t\t\t\t\t\t});\r\n\t\t\t\t\t\t\t} else {\r\n\t\t\t\t\t\t\t\tfront_end_map.setOptions({\r\n\t\t\t\t\t\t\t\t\tdraggable: true,\r\n\t\t\t\t\t\t\t\t\tscrollwheel: true,\r\n\t\t\t\t\t\t\t\t});\r\n\t\t\t\t\t\t\t}\r\n\t\t\t\t\t\t}\r\n\r\n\t\t\t\t\t})\r\n\t\t\t\t\tvar div = parseInt(width) \/ parseInt(height);\r\n\t\t\t\t\tjQuery(window).on(\"resize\", function () {\r\n\t\t\t\t\t\tvar newwidth = jQuery(\"#huge_it_google_map302508\").width();\r\n\t\t\t\t\t\tvar newheight = parseInt(newwidth) \/ parseInt(div) + \"px\";\r\n\t\t\t\t\t\tjQuery(\"#huge_it_google_map302508\").height(newheight);\r\n\t\t\t\t\t})\r\n\r\n\t\t\t\t\tvar center_lat = -39.80589122348618;\r\n\t\t\t\t\tvar center_lng = -73.25038623809814;\r\n\t\t\t\t\tvar center_coords = new google.maps.LatLng(center_lat, center_lng);\r\n\t\t\t\t\tvar frontEndMapOptions = {\r\n\t\t\t\t\t\tzoom: parseInt(13),\r\n\t\t\t\t\t\tcenter: center_coords,\r\n\t\t\t\t\t\tdisableDefaultUI: true,\r\n\t\t\t\t\t\tpanControl: true,\r\n\t\t\t\t\t\tzoomControl: true,\r\n\t\t\t\t\t\tmapTypeControl: true,\r\n\t\t\t\t\t\tscaleControl: true,\r\n\t\t\t\t\t\tstreetViewControl: true,\r\n\t\t\t\t\t\toverviewMapControl: true,\r\n\t\t\t\t\t\tmapTypeId: google.maps.MapTypeId.ROADMAP,\r\n\t\t\t\t\t\tminZoom:0,\r\n\t\t\t\t\t\tmaxZoom:22\t\t\t\t\t}\r\n\t\t\t\t\tvar front_end_map = new google.maps.Map(document.getElementById('huge_it_google_map302508'), frontEndMapOptions)\r\n\r\n\t\t\t\t\tif (window.matchMedia('(max-width:768px)').matches) {\r\n\t\t\t\t\t\tfront_end_map.setOptions({\r\n\t\t\t\t\t\t\tdraggable: false,\r\n\t\t\t\t\t\t\tscrollwheel: false,\r\n\t\t\t\t\t\t});\r\n\t\t\t\t\t} else {\r\n\t\t\t\t\t\tfront_end_map.setOptions({\r\n\t\t\t\t\t\t\tdraggable: true,\r\n\t\t\t\t\t\t\tscrollwheel: true,\r\n\t\t\t\t\t\t});\r\n\t\t\t\t\t}\r\n\r\n\r\n\t\t\t\t\tvar front_end_data = {\r\n\t\t\t\t\t\taction: 'g_map_options',\r\n\t\t\t\t\t\tmap_id:2,\r\n\t\t\t\t\t\ttask: 'ajax'\r\n\t\t\t\t\t}\r\n\t\t\t\t\tjQuery.ajax({\r\n\t\t\t\t\t\turl: 'http:\/\/ict.uach.cl\/wp-admin\/admin-ajax.php',\r\n\t\t\t\t\t\tdataType: 'json',\r\n\t\t\t\t\t\tmethod: 'post',\r\n\t\t\t\t\t\tdata: front_end_data,\r\n\t\t\t\t\t\tbeforeSend: function () {\r\n\t\t\t\t\t\t}\r\n\t\t\t\t\t}).done(function (response) {\r\n\t\t\t\t\t\tHGinitializeMap(response);\r\n\t\t\t\t\t}).fail(function () {\r\n\t\t\t\t\t\tconsole.log('Failed to load response from database');\r\n\t\t\t\t\t});\r\n\t\t\t\t\tfunction HGinitializeMap(response) {\r\n\t\t\t\t\t\tif (response.success) {\r\n\t\t\t\t\t\t\tvar mapInfo = response.success;\r\n\t\t\t\t\t\t\tvar markers = mapInfo.markers;\r\n\t\t\t\t\t\t\tfor (var i = 0; i < markers.length; i++) {\r\n\t\t\t\t\t\t\t\tvar name = markers[i].name;\r\n\t\t\t\t\t\t\t\tvar address = markers[i].address;\r\n\t\t\t\t\t\t\t\tvar anim = markers[i].animation;\r\n\t\t\t\t\t\t\t\tvar description = markers[i].description;\r\n\t\t\t\t\t\t\t\tvar point = new google.maps.LatLng(\r\n\t\t\t\t\t\t\t\t\tparseFloat(markers[i].lat),\r\n\t\t\t\t\t\t\t\t\tparseFloat(markers[i].lng));\r\n\t\t\t\t\t\t\t\tvar html = \"<b>\" + name + \"<\/b> <br\/>\" + address;\r\n\t\t\t\t\t\t\t\tif (anim == 'DROP') {\r\n\t\t\t\t\t\t\t\t\tmarker[i] = new google.maps.Marker({\r\n\t\t\t\t\t\t\t\t\t\tmap: front_end_map,\r\n\t\t\t\t\t\t\t\t\t\tposition: point,\r\n\t\t\t\t\t\t\t\t\t\ttitle: name,\r\n\t\t\t\t\t\t\t\t\t\tcontent: description,\r\n\t\t\t\t\t\t\t\t\t\tanimation: google.maps.Animation.DROP,\r\n\t\t\t\t\t\t\t\t\t});\r\n\t\t\t\t\t\t\t\t}\r\n\t\t\t\t\t\t\t\tif (anim == 'BOUNCE') {\r\n\t\t\t\t\t\t\t\t\tmarker[i] = new google.maps.Marker({\r\n\t\t\t\t\t\t\t\t\t\tmap: front_end_map,\r\n\t\t\t\t\t\t\t\t\t\tposition: point,\r\n\t\t\t\t\t\t\t\t\t\ttitle: name,\r\n\t\t\t\t\t\t\t\t\t\tcontent: description,\r\n\t\t\t\t\t\t\t\t\t\tanimation: google.maps.Animation.BOUNCE\r\n\t\t\t\t\t\t\t\t\t});\r\n\t\t\t\t\t\t\t\t}\r\n\t\t\t\t\t\t\t\tif (anim == 'NONE') {\r\n\t\t\t\t\t\t\t\t\tmarker[i] = new google.maps.Marker({\r\n\t\t\t\t\t\t\t\t\t\tmap: front_end_map,\r\n\t\t\t\t\t\t\t\t\t\tposition: point,\r\n\t\t\t\t\t\t\t\t\t\tcontent: description,\r\n\t\t\t\t\t\t\t\t\t\ttitle: name,\r\n\t\t\t\t\t\t\t\t\t});\r\n\t\t\t\t\t\t\t\t}\r\n\t\t\t\t\t\t\t\tinfowindow[i] = new google.maps.InfoWindow;\r\n\t\t\t\t\t\t\t\tbindInfoWindow(marker[i], front_end_map, infowindow[i], description, \"click\");\r\n\t\t\t\t\t\t\t}\r\n\t\t\t\t\t\t\tvar polygones = mapInfo.polygons;\r\n\t\t\t\t\t\t\tfor (var i = 0; i < polygones.length; i++) {\r\n\t\t\t\t\t\t\t\tvar name = polygones[i].name;\r\n\t\t\t\t\t\t\t\tvar line_opacity = polygones[i].line_opacity;\r\n\t\t\t\t\t\t\t\tvar line_color = \"#\" + polygones[i].line_color;\r\n\t\t\t\t\t\t\t\tvar fill_opacity = polygones[i].fill_opacity;\r\n\t\t\t\t\t\t\t\tvar line_width = polygones[i].line_width;\r\n\t\t\t\t\t\t\t\tvar fill_color = \"#\" + polygones[i].fill_color;\r\n\t\t\t\t\t\t\t\tvar latlngs = polygones[i].latlng;\r\n\t\t\t\t\t\t\t\tpolygoncoords = [];\r\n\t\t\t\t\t\t\t\tfor (var j = 0; j < latlngs.length; j++) {\r\n\t\t\t\t\t\t\t\t\tpolygonpoints = new google.maps.LatLng(parseFloat(latlngs[j].lat),\r\n\t\t\t\t\t\t\t\t\t\tparseFloat(latlngs[j].lng))\r\n\t\t\t\t\t\t\t\t\tpolygoncoords.push(polygonpoints)\r\n\t\t\t\t\t\t\t\t}\r\n\t\t\t\t\t\t\t\t\/\/alert(polygoncoords);\r\n\t\t\t\t\t\t\t\tpolygone[i] = new google.maps.Polygon({\r\n\t\t\t\t\t\t\t\t\tpaths: polygoncoords,\r\n\t\t\t\t\t\t\t\t\tmap: front_end_map,\r\n\t\t\t\t\t\t\t\t\tstrokeOpacity: line_opacity,\r\n\t\t\t\t\t\t\t\t\tstrokeColor: line_color,\r\n\t\t\t\t\t\t\t\t\tstrokeWeight: line_width,\r\n\t\t\t\t\t\t\t\t\tfillOpacity: fill_opacity,\r\n\t\t\t\t\t\t\t\t\tfillColor: fill_color,\r\n\t\t\t\t\t\t\t\t\tdraggable: false,\r\n\t\t\t\t\t\t\t\t});\r\n\t\t\t\t\t\t\t}\r\n\t\t\t\t\t\t\tvar polylines = mapInfo.polylines;\r\n\t\t\t\t\t\t\tfor (var i = 0; i < polylines.length; i++) {\r\n\t\t\t\t\t\t\t\tvar name = polylines[i].name;\r\n\t\t\t\t\t\t\t\tvar line_opacity = polylines[i].line_opacity;\r\n\t\t\t\t\t\t\t\tvar line_color = polylines[i].line_color;\r\n\t\t\t\t\t\t\t\tvar line_width = polylines[i].line_width;\r\n\t\t\t\t\t\t\t\tvar latlngs = polylines[i].latlng;\r\n\t\t\t\t\t\t\t\tnewpolylinecoords = [];\r\n\t\t\t\t\t\t\t\tfor (var j = 0; j < latlngs.length; j++) {\r\n\t\t\t\t\t\t\t\t\tpolylinepoints = new google.maps.LatLng(parseFloat(latlngs[j].lat),\r\n\t\t\t\t\t\t\t\t\t\tparseFloat(latlngs[j].lng))\r\n\t\t\t\t\t\t\t\t\tnewpolylinecoords.push(polylinepoints)\r\n\t\t\t\t\t\t\t\t}\r\n\t\t\t\t\t\t\t\tpolyline[i] = new google.maps.Polyline({\r\n\t\t\t\t\t\t\t\t\tpath: newpolylinecoords,\r\n\t\t\t\t\t\t\t\t\tmap: front_end_map,\r\n\t\t\t\t\t\t\t\t\tstrokeColor: \"#\" + line_color,\r\n\t\t\t\t\t\t\t\t\tstrokeOpacity: line_opacity,\r\n\t\t\t\t\t\t\t\t\tstrokeWeight: line_width,\r\n\t\t\t\t\t\t\t\t})\r\n\t\t\t\t\t\t\t}\r\n\t\t\t\t\t\t\tvar circles = mapInfo.circles;\r\n\t\t\t\t\t\t\tfor (var i = 0; i < circles.length; i++) {\r\n\t\t\t\t\t\t\t\tvar circle_name = circles[i].name;\r\n\t\t\t\t\t\t\t\tvar circle_center_lat = circles[i].center_lat;\r\n\t\t\t\t\t\t\t\tvar circle_center_lng = circles[i].center_lng;\r\n\t\t\t\t\t\t\t\tvar circle_radius = circles[i].radius;\r\n\t\t\t\t\t\t\t\tvar circle_line_width = circles[i].line_width;\r\n\t\t\t\t\t\t\t\tvar circle_line_color = circles[i].line_color;\r\n\t\t\t\t\t\t\t\tvar circle_line_opacity = circles[i].line_opacity;\r\n\t\t\t\t\t\t\t\tvar circle_fill_color = circles[i].fill_color;\r\n\t\t\t\t\t\t\t\tvar circle_fill_opacity = circles[i].fill_opacity;\r\n\t\t\t\t\t\t\t\tvar circle_show_marker = parseInt(circles[i].show_marker);\r\n\t\t\t\t\t\t\t\tcirclepoint = new google.maps.LatLng(parseFloat(circles[i].center_lat),\r\n\t\t\t\t\t\t\t\t\tparseFloat(circles[i].center_lng));\r\n\t\t\t\t\t\t\t\tnewcircle[i] = new google.maps.Circle({\r\n\t\t\t\t\t\t\t\t\tmap: front_end_map,\r\n\t\t\t\t\t\t\t\t\tcenter: circlepoint,\r\n\t\t\t\t\t\t\t\t\ttitle: name,\r\n\t\t\t\t\t\t\t\t\tradius: parseInt(circle_radius),\r\n\t\t\t\t\t\t\t\t\tstrokeColor: \"#\" + circle_line_color,\r\n\t\t\t\t\t\t\t\t\tstrokeOpacity: circle_line_opacity,\r\n\t\t\t\t\t\t\t\t\tstrokeWeight: circle_line_width,\r\n\t\t\t\t\t\t\t\t\tfillColor: \"#\" + circle_fill_color,\r\n\t\t\t\t\t\t\t\t\tfillOpacity: circle_fill_opacity\r\n\t\t\t\t\t\t\t\t})\r\n\t\t\t\t\t\t\t\tif (circle_show_marker == '1') {\r\n\t\t\t\t\t\t\t\t\tnewcirclemarker[i] = new google.maps.Marker({\r\n\t\t\t\t\t\t\t\t\t\tposition: circlepoint,\r\n\t\t\t\t\t\t\t\t\t\tmap: front_end_map,\r\n\t\t\t\t\t\t\t\t\t\ttitle: circle_name,\r\n\t\t\t\t\t\t\t\t\t})\r\n\t\t\t\t\t\t\t\t}\r\n\t\t\t\t\t\t\t}\r\n\r\n\t\t\t\t\t\t}\r\n\t\t\t\t\t}\r\n\t\t\t\t})\r\n\t\t\t<\/script>\r\n\t\t\t\n<p><strong>3er piso, Edificio Emilio Pug\u00edn, Facultad de Ciencias, UACh, Campus Isla Teja, Valdivia, Chile<\/strong><\/p>\n<p><strong>Secretaria:<\/strong> Sandra Corval\u00e1n Vidal\u00a0\u00a0\u00a0\u00a0\u00a0\u00a0\u00a0\u00a0\u00a0\u00a0\u00a0\u00a0\u00a0\u00a0\u00a0\u00a0\u00a0\u00a0\u00a0\u00a0\u00a0\u00a0\u00a0\u00a0\u00a0\u00a0\u00a0\u00a0\u00a0\u00a0\u00a0\u00a0\u00a0\u00a0\u00a0\u00a0\u00a0\u00a0\u00a0\u00a0\u00a0\u00a0 <strong>Director:<\/strong> Dra. Ana Abarz\u00faa<br \/>\nMail: sandracorvalan@uach.cl\u00a0\u00a0\u00a0\u00a0\u00a0\u00a0\u00a0\u00a0\u00a0\u00a0\u00a0\u00a0\u00a0\u00a0\u00a0\u00a0\u00a0\u00a0\u00a0\u00a0\u00a0\u00a0\u00a0\u00a0\u00a0\u00a0\u00a0\u00a0\u00a0\u00a0\u00a0\u00a0\u00a0\u00a0\u00a0\u00a0\u00a0\u00a0\u00a0\u00a0\u00a0\u00a0\u00a0\u00a0\u00a0\u00a0\u00a0\u00a0\u00a0\u00a0 Mail: dir-ict@uach.cl<br \/>\nTel\u00e9fono: +56 63 2221208\u00a0\u00a0\u00a0\u00a0\u00a0\u00a0\u00a0\u00a0\u00a0\u00a0\u00a0\u00a0\u00a0\u00a0\u00a0\u00a0\u00a0\u00a0\u00a0\u00a0\u00a0\u00a0\u00a0\u00a0\u00a0\u00a0\u00a0\u00a0\u00a0\u00a0\u00a0\u00a0\u00a0\u00a0\u00a0\u00a0\u00a0\u00a0\u00a0\u00a0\u00a0\u00a0\u00a0\u00a0\u00a0\u00a0\u00a0\u00a0\u00a0\u00a0\u00a0\u00a0\u00a0\u00a0\u00a0\u00a0 Tel\u00e9fono: +56 63 2221208<br \/>\nOficina: 353<\/p>\n","protected":false},"excerpt":{"rendered":"<p>3er piso, Edificio Emilio Pug\u00edn, Facultad de Ciencias, UACh, Campus Isla Teja, Valdivia, Chile Secretaria: Sandra Corval\u00e1n Vidal\u00a0\u00a0\u00a0\u00a0\u00a0\u00a0\u00a0\u00a0\u00a0\u00a0\u00a0\u00a0\u00a0\u00a0\u00a0\u00a0\u00a0\u00a0\u00a0\u00a0\u00a0\u00a0\u00a0\u00a0\u00a0\u00a0\u00a0\u00a0\u00a0\u00a0\u00a0\u00a0\u00a0\u00a0\u00a0\u00a0\u00a0\u00a0\u00a0\u00a0\u00a0\u00a0 Director: Dra. Ana Abarz\u00faa Mail: sandracorvalan@uach.cl\u00a0\u00a0\u00a0\u00a0\u00a0\u00a0\u00a0\u00a0\u00a0\u00a0\u00a0\u00a0\u00a0\u00a0\u00a0\u00a0\u00a0\u00a0\u00a0\u00a0\u00a0\u00a0\u00a0\u00a0\u00a0\u00a0\u00a0\u00a0\u00a0\u00a0\u00a0\u00a0\u00a0\u00a0\u00a0\u00a0\u00a0\u00a0\u00a0\u00a0\u00a0\u00a0\u00a0\u00a0\u00a0\u00a0\u00a0\u00a0\u00a0\u00a0 Mail: dir-ict@uach.cl Tel\u00e9fono: +56 63 2221208\u00a0\u00a0\u00a0\u00a0\u00a0\u00a0\u00a0\u00a0\u00a0\u00a0\u00a0\u00a0\u00a0\u00a0\u00a0\u00a0\u00a0\u00a0\u00a0\u00a0\u00a0\u00a0\u00a0\u00a0\u00a0\u00a0\u00a0\u00a0\u00a0\u00a0\u00a0\u00a0\u00a0\u00a0\u00a0\u00a0\u00a0\u00a0\u00a0\u00a0\u00a0\u00a0\u00a0\u00a0\u00a0\u00a0\u00a0\u00a0\u00a0\u00a0\u00a0\u00a0\u00a0\u00a0\u00a0\u00a0 Tel\u00e9fono: +56 63 2221208 Oficina: 353<\/p>\n","protected":false},"author":4,"featured_media":0,"parent":0,"menu_order":0,"comment_status":"closed","ping_status":"closed","template":"","meta":[],"jetpack_sharing_enabled":true,"jetpack_shortlink":"https:\/\/wp.me\/P7KgB1-q","jetpack-related-posts":[{"id":36,"url":"http:\/\/ict.uach.cl\/?page_id=36&lang=es","url_meta":{"origin":26,"position":0},"title":"Personal","date":"30 June, 2016","format":false,"excerpt":"Planta acad\u00e9mica Planta t\u00e9cnico-acad\u00e9mica, planta adjunta y profesionales Profesores emeritos Funcionarios no acad\u00e9micos","rel":"","context":"Similar post","img":{"alt_text":"","src":"","width":0,"height":0},"classes":[]},{"id":31,"url":"http:\/\/ict.uach.cl\/?page_id=31&lang=es","url_meta":{"origin":26,"position":1},"title":"Presentaci\u00f3n","date":"30 June, 2016","format":false,"excerpt":"El Instituto de Ciencias de la Tierra fue creado el 10 de mayo 2015 y se inscribe en una l\u00ednea de tradici\u00f3n de las Geociencias en la Universidad Austral de Chile. Esta tradici\u00f3n comienza al inicio de esta universidad con el Instituto de Geolog\u00eda y Geograf\u00eda, fundado en 1957, y\u2026","rel":"","context":"Similar post","img":{"alt_text":"","src":"","width":0,"height":0},"classes":[]}],"_links":{"self":[{"href":"http:\/\/ict.uach.cl\/index.php?rest_route=\/wp\/v2\/pages\/26"}],"collection":[{"href":"http:\/\/ict.uach.cl\/index.php?rest_route=\/wp\/v2\/pages"}],"about":[{"href":"http:\/\/ict.uach.cl\/index.php?rest_route=\/wp\/v2\/types\/page"}],"author":[{"embeddable":true,"href":"http:\/\/ict.uach.cl\/index.php?rest_route=\/wp\/v2\/users\/4"}],"replies":[{"embeddable":true,"href":"http:\/\/ict.uach.cl\/index.php?rest_route=%2Fwp%2Fv2%2Fcomments&post=26"}],"version-history":[{"count":15,"href":"http:\/\/ict.uach.cl\/index.php?rest_route=\/wp\/v2\/pages\/26\/revisions"}],"predecessor-version":[{"id":2032,"href":"http:\/\/ict.uach.cl\/index.php?rest_route=\/wp\/v2\/pages\/26\/revisions\/2032"}],"wp:attachment":[{"href":"http:\/\/ict.uach.cl\/index.php?rest_route=%2Fwp%2Fv2%2Fmedia&parent=26"}],"curies":[{"name":"wp","href":"https:\/\/api.w.org\/{rel}","templated":true}]}}