{"id":384,"date":"2016-08-15T21:09:52","date_gmt":"2016-08-15T21:09:52","guid":{"rendered":"http:\/\/ict.uach.cl\/?page_id=384"},"modified":"2020-11-03T23:47:56","modified_gmt":"2020-11-03T23:47:56","slug":"bruno-mazzorana","status":"publish","type":"page","link":"http:\/\/ict.uach.cl\/?page_id=384&lang=es","title":{"rendered":"Bruno Mazzorana"},"content":{"rendered":"<p><img decoding=\"async\" loading=\"lazy\" class=\"alignright wp-image-136\" src=\"https:\/\/i0.wp.com\/ict.uach.cl\/wp-content\/uploads\/2016\/08\/BrunoMazzorana-1.jpg?resize=120%2C120\" alt=\"Bruno Mazzorana\" width=\"120\" height=\"120\" data-recalc-dims=\"1\" \/><\/p>\n<h2>Contacto<\/h2>\n<ul>\n<li>Mail : bruno.mazzorana@uach.cl<\/li>\n<li>Tel\u00e9fono : +56 9 62352291<\/li>\n<li>Oficina : 339<\/li>\n<li>Web : <a href=\"https:\/\/scholar.google.com\/citations?user=5j9dHp0AAAAJ&amp;hl=it\">Google Scholar, <\/a> <a href=\"http:\/\/rina.cl\/rina\/bruno-mazzorana\/\" target=\"_blank\">RINA<\/a><\/li>\n<\/ul>\n\n\n\n\n\n\n\n\n\n","protected":false},"excerpt":{"rendered":"<p>Contacto Mail : bruno.mazzorana@uach.cl Tel\u00e9fono : +56 9 62352291 Oficina : 339 Web : Google Scholar, RINA<\/p>\n","protected":false},"author":4,"featured_media":0,"parent":0,"menu_order":0,"comment_status":"closed","ping_status":"closed","template":"","meta":[],"jetpack_sharing_enabled":true,"jetpack_shortlink":"https:\/\/wp.me\/P7KgB1-6c","jetpack-related-posts":[{"id":31,"url":"http:\/\/ict.uach.cl\/?page_id=31&lang=es","url_meta":{"origin":384,"position":0},"title":"Presentaci\u00f3n","date":"30 June, 2016","format":false,"excerpt":"El Instituto de Ciencias de la Tierra fue creado el 10 de mayo 2015 y se inscribe en una l\u00ednea de tradici\u00f3n de las Geociencias en la Universidad Austral de Chile. Esta tradici\u00f3n comienza al inicio de esta universidad con el Instituto de Geolog\u00eda y Geograf\u00eda, fundado en 1957, y\u2026","rel":"","context":"Similar post","img":{"alt_text":"","src":"","width":0,"height":0},"classes":[]},{"id":36,"url":"http:\/\/ict.uach.cl\/?page_id=36&lang=es","url_meta":{"origin":384,"position":1},"title":"Personal","date":"30 June, 2016","format":false,"excerpt":"Planta acad\u00e9mica Planta t\u00e9cnico-acad\u00e9mica, planta adjunta y profesionales Profesores emeritos Funcionarios no acad\u00e9micos","rel":"","context":"Similar post","img":{"alt_text":"","src":"","width":0,"height":0},"classes":[]}],"_links":{"self":[{"href":"http:\/\/ict.uach.cl\/index.php?rest_route=\/wp\/v2\/pages\/384"}],"collection":[{"href":"http:\/\/ict.uach.cl\/index.php?rest_route=\/wp\/v2\/pages"}],"about":[{"href":"http:\/\/ict.uach.cl\/index.php?rest_route=\/wp\/v2\/types\/page"}],"author":[{"embeddable":true,"href":"http:\/\/ict.uach.cl\/index.php?rest_route=\/wp\/v2\/users\/4"}],"replies":[{"embeddable":true,"href":"http:\/\/ict.uach.cl\/index.php?rest_route=%2Fwp%2Fv2%2Fcomments&post=384"}],"version-history":[{"count":18,"href":"http:\/\/ict.uach.cl\/index.php?rest_route=\/wp\/v2\/pages\/384\/revisions"}],"predecessor-version":[{"id":1823,"href":"http:\/\/ict.uach.cl\/index.php?rest_route=\/wp\/v2\/pages\/384\/revisions\/1823"}],"wp:attachment":[{"href":"http:\/\/ict.uach.cl\/index.php?rest_route=%2Fwp%2Fv2%2Fmedia&parent=384"}],"curies":[{"name":"wp","href":"https:\/\/api.w.org\/{rel}","templated":true}]}}

<p><img decoding="async" loading="lazy" class="alignright wp-image-136" src="https://i0.wp.com/ict.uach.cl/wp-content/uploads/2016/08/BrunoMazzorana-1.jpg?resize=120%2C120" alt="Bruno Mazzorana" width="120" height="120" data-recalc-dims="1" /></p>
<h2>Contacto</h2>
<ul>
<li>Mail : bruno.mazzorana@uach.cl</li>
<li>Teléfono : +56 9 62352291</li>
<li>Oficina : 339</li>
<li>Web : <a href="https://scholar.google.com/citations?user=5j9dHp0AAAAJ&amp;hl=it">Google Scholar, </a> <a href="http://rina.cl/rina/bruno-mazzorana/" target="_blank">RINA</a></li>
</ul>

<p>Contacto Mail : bruno.mazzorana@uach.cl Teléfono : +56 9 62352291 Oficina : 339 Web : Google Scholar, RINA</p>

Presentación

El Instituto de Ciencias de la Tierra fue creado el 10 de mayo 2015 y se inscribe en una línea de tradición de las Geociencias en la Universidad Austral de Chile. Esta tradición comienza al inicio de esta universidad con el Instituto de Geología y Geografía, fundado en 1957, y…

Planta académica Planta técnico-académica, planta adjunta y profesionales Profesores emeritos Funcionarios no académicos
