{"id":978,"date":"2018-05-15T14:56:01","date_gmt":"2018-05-15T14:56:01","guid":{"rendered":"http:\/\/ict.uach.cl\/?page_id=978"},"modified":"2023-01-09T21:48:46","modified_gmt":"2023-01-09T21:48:46","slug":"alvaro-gonzalez-reyes","status":"publish","type":"page","link":"http:\/\/ict.uach.cl\/?page_id=978&lang=es","title":{"rendered":"\u00c1lvaro Gonz\u00e1lez Reyes"},"content":{"rendered":"<p><img decoding=\"async\" loading=\"lazy\" class=\"alignright wp-image-136\" src=\"https:\/\/i0.wp.com\/ict.uach.cl\/wp-content\/uploads\/2018\/05\/Alvaro_Gonzalez_Reyes.jpg?resize=120%2C120\" alt=\"\u00c1lvaro Gonz\u00e1lez\" width=\"120\" height=\"120\" data-recalc-dims=\"1\" \/><\/p>\n<h2>Contacto<\/h2>\n<ul>\n<li>Mail : alvaro.gonzalez@uach.cl<\/li>\n<li>Tel\u00e9fono :<\/li>\n<li>Oficina :<\/li>\n<li>Web : <a href=\"https:\/\/scholar.google.cl\/citations?user=HgAZcHYAAAAJ&amp;hl=es\" target=\"_blank\">google scholar<\/a><\/li>\n<\/ul>\n\n\n\n\n\n\n\n\n\n","protected":false},"excerpt":{"rendered":"<p>Contacto Mail : alvaro.gonzalez@uach.cl Tel\u00e9fono : Oficina : Web : google scholar<\/p>\n","protected":false},"author":3,"featured_media":0,"parent":0,"menu_order":0,"comment_status":"closed","ping_status":"closed","template":"","meta":[],"jetpack_sharing_enabled":true,"jetpack_shortlink":"https:\/\/wp.me\/P7KgB1-fM","jetpack-related-posts":[{"id":31,"url":"http:\/\/ict.uach.cl\/?page_id=31&lang=es","url_meta":{"origin":978,"position":0},"title":"Presentaci\u00f3n","date":"30 June, 2016","format":false,"excerpt":"El Instituto de Ciencias de la Tierra fue creado el 10 de mayo 2015 y se inscribe en una l\u00ednea de tradici\u00f3n de las Geociencias en la Universidad Austral de Chile. Esta tradici\u00f3n comienza al inicio de esta universidad con el Instituto de Geolog\u00eda y Geograf\u00eda, fundado en 1957, y\u2026","rel":"","context":"Similar post","img":{"alt_text":"","src":"","width":0,"height":0},"classes":[]},{"id":36,"url":"http:\/\/ict.uach.cl\/?page_id=36&lang=es","url_meta":{"origin":978,"position":1},"title":"Personal","date":"30 June, 2016","format":false,"excerpt":"Planta acad\u00e9mica Planta t\u00e9cnico-acad\u00e9mica, planta adjunta y profesionales Profesores emeritos Funcionarios no acad\u00e9micos","rel":"","context":"Similar post","img":{"alt_text":"","src":"","width":0,"height":0},"classes":[]}],"_links":{"self":[{"href":"http:\/\/ict.uach.cl\/index.php?rest_route=\/wp\/v2\/pages\/978"}],"collection":[{"href":"http:\/\/ict.uach.cl\/index.php?rest_route=\/wp\/v2\/pages"}],"about":[{"href":"http:\/\/ict.uach.cl\/index.php?rest_route=\/wp\/v2\/types\/page"}],"author":[{"embeddable":true,"href":"http:\/\/ict.uach.cl\/index.php?rest_route=\/wp\/v2\/users\/3"}],"replies":[{"embeddable":true,"href":"http:\/\/ict.uach.cl\/index.php?rest_route=%2Fwp%2Fv2%2Fcomments&post=978"}],"version-history":[{"count":5,"href":"http:\/\/ict.uach.cl\/index.php?rest_route=\/wp\/v2\/pages\/978\/revisions"}],"predecessor-version":[{"id":1140,"href":"http:\/\/ict.uach.cl\/index.php?rest_route=\/wp\/v2\/pages\/978\/revisions\/1140"}],"wp:attachment":[{"href":"http:\/\/ict.uach.cl\/index.php?rest_route=%2Fwp%2Fv2%2Fmedia&parent=978"}],"curies":[{"name":"wp","href":"https:\/\/api.w.org\/{rel}","templated":true}]}}